{"id":612,"date":"2019-03-26T19:05:35","date_gmt":"2019-03-26T18:05:35","guid":{"rendered":"https:\/\/www.djahiz.fr\/?page_id=612"},"modified":"2019-03-26T23:52:06","modified_gmt":"2019-03-26T22:52:06","slug":"music-hall","status":"publish","type":"page","link":"https:\/\/www.djahiz.fr\/?page_id=612","title":{"rendered":"MUSIC HALL"},"content":{"rendered":"\n<h3 class=\"wp-block-heading\">TEASER PEPI &amp; OTHELLO<\/h3>\n\n\n\n<p>Bon Ok, la chanson c\u2019est g\u00e9nial, le th\u00e9\u00e2tre aussi, mais le Musci-Hall, c\u2019est vraiment un monde \u00e0 part !!<\/p>\n\n\n\n<p>Apr\u00e8s 5 ans et demi \u00e0 \u00e9cumer toutes sortes de sc\u00e8nes dans la France enti\u00e8re, des plus prestigieuses aux plus improbables, en compagnie de mon cher ami <a href=\"https:\/\/www.facebook.com\/patrick.bosc.7\">Patrick Bosc<\/a>, nous avons le plaisir de vous pr\u00e9senter enfin le nouveau teaser d\u2019un num\u00e9ro international et unique au monde : The <a href=\"https:\/\/www.facebook.com\/P\u00e9pi-Othello-207787892629660\/\">P\u00e9pi &amp; Othello<\/a> Show !!!<\/p>\n\n\n\n<p>A consommer sans mod\u00e9ration\u2026&#8230;<\/p>\n\n\n\n<figure class=\"wp-block-embed-youtube wp-block-embed is-type-video is-provider-youtube wp-embed-aspect-16-9 wp-has-aspect-ratio\"><div class=\"wp-block-embed__wrapper\">\n<iframe loading=\"lazy\" width=\"760\" height=\"428\" src=\"https:\/\/www.youtube.com\/embed\/7_8X8DoQy3Q?feature=oembed\" frameborder=\"0\" allow=\"accelerometer; autoplay; encrypted-media; gyroscope; picture-in-picture\" allowfullscreen><\/iframe>\n<\/div><figcaption> <br>TEASER PEPI &amp; OTHELLO <\/figcaption><\/figure>\n\n\n\n<h4 class=\"wp-block-heading\">P\u00c9PI &amp; OTHELLO &#8211; FESTIVAL DE MAGIE &#8211; GUIPAVAS (29) &#8211; JANVIER 2014<\/h4>\n\n\n\n<figure class=\"wp-block-embed-youtube wp-block-embed is-type-video is-provider-youtube wp-embed-aspect-16-9 wp-has-aspect-ratio\"><div class=\"wp-block-embed__wrapper\">\n<iframe loading=\"lazy\" width=\"760\" height=\"428\" src=\"https:\/\/www.youtube.com\/embed\/tav0hk9ZqG4?feature=oembed\" frameborder=\"0\" allow=\"accelerometer; autoplay; encrypted-media; gyroscope; picture-in-picture\" allowfullscreen><\/iframe>\n<\/div><figcaption> <br>P\u00c9PI &amp; OTHELLO &#8211; FESTIVAL DE MAGIE &#8211; GUIPAVAS (29) &#8211; JANVIER 2014 <\/figcaption><\/figure>\n\n\n\n<h4 class=\"wp-block-heading\">P\u00c9PI &amp; OTHELLO &#8211; L&rsquo;INCROYABLE CABARET DE NO\u00cbL &#8211; D\u00c9CEMBRE 2013<\/h4>\n\n\n\n<figure class=\"wp-block-embed-youtube wp-block-embed is-type-video is-provider-youtube wp-embed-aspect-16-9 wp-has-aspect-ratio\"><div class=\"wp-block-embed__wrapper\">\n<iframe loading=\"lazy\" width=\"760\" height=\"428\" src=\"https:\/\/www.youtube.com\/embed\/mNs--PeBrTg?feature=oembed\" frameborder=\"0\" allow=\"accelerometer; autoplay; encrypted-media; gyroscope; picture-in-picture\" allowfullscreen><\/iframe>\n<\/div><figcaption> <br>P\u00c9PI &amp; OTHELLO &#8211; L&rsquo;INCROYABLE CABARET DE NO\u00cbL &#8211; D\u00c9CEMBRE 2013 <\/figcaption><\/figure>\n","protected":false},"excerpt":{"rendered":"<p>TEASER PEPI &amp; OTHELLO Bon Ok, la chanson c\u2019est g\u00e9nial, le th\u00e9\u00e2tre aussi, mais le Musci-Hall, c\u2019est vraiment un monde \u00e0 part !! Apr\u00e8s 5 ans et demi \u00e0 \u00e9cumer toutes sortes de sc\u00e8nes dans la France enti\u00e8re, des plus prestigieuses aux plus improbables, en compagnie de mon cher ami Patrick Bosc, nous avons le &hellip; <\/p>\n<p class=\"link-more\"><a href=\"https:\/\/www.djahiz.fr\/?page_id=612\" class=\"more-link\">Continue reading<span class=\"screen-reader-text\"> \u00ab\u00a0MUSIC HALL\u00a0\u00bb<\/span><\/a><\/p>\n","protected":false},"author":2,"featured_media":0,"parent":585,"menu_order":0,"comment_status":"closed","ping_status":"closed","template":"","meta":{"footnotes":""},"class_list":["post-612","page","type-page","status-publish","hentry"],"_links":{"self":[{"href":"https:\/\/www.djahiz.fr\/index.php?rest_route=\/wp\/v2\/pages\/612","targetHints":{"allow":["GET"]}}],"collection":[{"href":"https:\/\/www.djahiz.fr\/index.php?rest_route=\/wp\/v2\/pages"}],"about":[{"href":"https:\/\/www.djahiz.fr\/index.php?rest_route=\/wp\/v2\/types\/page"}],"author":[{"embeddable":true,"href":"https:\/\/www.djahiz.fr\/index.php?rest_route=\/wp\/v2\/users\/2"}],"replies":[{"embeddable":true,"href":"https:\/\/www.djahiz.fr\/index.php?rest_route=%2Fwp%2Fv2%2Fcomments&post=612"}],"version-history":[{"count":3,"href":"https:\/\/www.djahiz.fr\/index.php?rest_route=\/wp\/v2\/pages\/612\/revisions"}],"predecessor-version":[{"id":662,"href":"https:\/\/www.djahiz.fr\/index.php?rest_route=\/wp\/v2\/pages\/612\/revisions\/662"}],"up":[{"embeddable":true,"href":"https:\/\/www.djahiz.fr\/index.php?rest_route=\/wp\/v2\/pages\/585"}],"wp:attachment":[{"href":"https:\/\/www.djahiz.fr\/index.php?rest_route=%2Fwp%2Fv2%2Fmedia&parent=612"}],"curies":[{"name":"wp","href":"https:\/\/api.w.org\/{rel}","templated":true}]}}